 b(-7). Let d = i + -51. List the prime factors of d.
67
Let c be ((-18)/3)/3 - -2. Suppose -10*d - d + 1419 = c. List the prime factors of d.
3, 43
Suppose u + u - 246 = 5*g, -5*g = -4*u + 252. Let y = g + 8. Let i = y - -66. What are the prime factors of i?
2, 13
Let r(v) = v. Let s(z) = -73*z - 6. Let c(t) = -3*r(t) + s(t). Let q be c(-3). Suppose -5*o = -2*o - q. What are the prime factors of o?
2, 37
Let k be 21 - 16 - (0 - 1). Let m(n) = 4*n**2 - 8*n. Let r be m(k). Suppose -l = 3*l - r. What are the prime factors of l?
2, 3
Let z(d) be the second derivative of -d**4/12 + 5*d**3/3 - 5*d**2/2 + d. Let j(h) = h - 7. Let k be j(16). What are the prime factors of z(k)?
2
Let q(d) be the first derivative of -12*d**2 - 23*d - 28. What are the prime factors of q(-8)?
13
List the prime factors of (-443715)/(-105) + (30/14 - 2).
2, 2113
Let y = 1275 + -818. Suppose -3*b + z + 287 = -z, 5*b = -2*z + y. What are the prime factors of b?
3, 31
Let o(j) = 2*j**2 - 12*j + 67. What are the prime factors of o(-14)?
3, 11, 19
Let q(p) = -824*p - 289. List the prime factors of q(-6).
5, 7, 19
Let c(p) = -44*p**3 - 3*p**2 + 5*p + 4. List the prime factors of c(-3).
2, 5, 23
Let n = 12 - 19. Let z = n + -8. List the prime factors of 0 + -1 - (-24 - z).
2
Let u = -2 + 9. Suppose -4*b + u = -1. Let i(y) = 4*y - 1. What are the prime factors of i(b)?
7
Suppose 7*y = -86*y + 152148. List the prime factors of y.
2, 409
Let t be 770*15/(-130) + (-4)/26. Let c = t - -108. What are the prime factors of c?
19
Suppose -3*g + 3*j = -2*j - 3094, 0 = 5*j - 20. What are the prime factors of g?
2, 3, 173
Suppose -v - 3*v + 4*g + 20 = 0, -v + 9 = -3*g. Let x = 7 + v. List the prime factors of ((-264)/(-30))/(4/x).
2, 11
Let l = -11 - -11. Let o be (-14)/21*(l + -6). Suppose -4*y + o*w + 116 = -80, 4*y = 2*w + 202. List the prime factors of y.
2, 13
Suppose 0 = -3*l - 5*t + 1206, -3*t - 119 + 1738 = 4*l. What are the prime factors of l?
11, 37
Suppose 0 = 19*s - 17*s. Let j be -4 - (s + 9/(-3)). What are the prime factors of (j - -2)/(3/96)?
2
Let i(z) = 2*z + 3. Let l(m) = 3*m**2 + m + 9. Let n(q) = -8*q**2 - 4*q - 26. Let c(w) = 11*l(w) + 4*n(w). Let h be c(7). What are the prime factors of i(h)?
3, 7
Let o = 7 + -5. List the prime factors of (3 - (1 + o)) + 22.
2, 11
Suppose 5*o = 50 - 205. Let n be (-40)/4*42/(-5). Let m = o + n. What are the prime factors of m?
53
Let l = -269 - -911. List the prime factors of l.
2, 3, 107
Suppose -5*k = 0, x + 56 = -5*k - 4. Let v = x + 297. List the prime factors of v.
3, 79
Let m = 10 - -14. Suppose 5*g = g + m. Suppose 0 = -3*p + z + 23, 0 = -g*p + p - 2*z + 53. What are the prime factors of p?
3
Let m(l) = 15 - 6*l + 8*l - 21. Suppose -b + 10 = 1. What are the prime factors of m(b)?
2, 3
Let p = -5 - -7. Suppose 0 = 5*v - 3 - p. List the prime factors of v/(((-3)/(-30))/1).
2, 5
Suppose m - 4*z = 606, 1192 = 46*m - 44*m - 4*z. What are the prime factors of m?
2, 293
Suppose 2*q = -3*q - 5*h + 30, -q - 4*h + 18 = 0. Let s be -2*q/(-8)*-2. List the prime factors of (-6)/((-3)/s) - -12.
2, 5
Let n(z) = 185*z + 617. List the prime factors of n(11).
2, 3, 13, 17
Let p = -71 + 77. List the prime factors of (2/(-10))/(p/(-2010)).
67
Suppose -4*b + 2*p = -5382, 2*b - 3329 = -3*p - 634. What are the prime factors of b?
2, 673
Let g be 2 + 1 - (-1)/(-1). Let z be -2 + -3 + g - -51. Suppose -4*v + 3*p = -z, 5*v + 2*p - 87 = -p. What are the prime factors of v?
3, 5
Suppose -3*u = 2410 - 6952. Suppose -718 = -8*q + u. List the prime factors of q.
3, 31
Suppose 5*i = 2*f - 3*f + 17, 0 = -3*f + 4*i - 25. List the prime factors of 26*(-3)/f + -4.
2, 11
Let m be (-29 - (4 + 1))*-14. Let n = 691 - m. What are the prime factors of n?
5, 43
Suppose 3*u - 8 = -u. Let k(r) = 7*r - 3*r + 1 - 3*r + u*r. What are the prime factors of k(8)?
5
Let p = -495 - -965. Suppose -7*q + 2*q + 5*m = -p, 2*m = -4*q + 370. What are the prime factors of q?
3, 31
Let o(d) = 4*d - 16. Let n be o(4). Suppose -5*v - 5*k + 360 = n, -248 = -0*v - 3*v + 5*k. List the prime factors of v.
2, 19
Suppose 8 = -4*p + 4*j, p - 22 = 2*p - 5*j. Suppose -5*c - 113 = -a, -p*a + 339 = 4*c + c. List the prime factors of a.
113
Let f be 3*(-3)/(6 - -3). Let a be f/3*-9*3. List the prime factors of ((-15)/a)/((-3)/81).
3, 5
Suppose 4*q = -3*n - 76, 2*n + 2*q + 136 = -3*n. Suppose -2*b - 2*j + 68 = 0, -3*b = 5*j - 53 - 59. Let l = b - n. List the prime factors of l.
3, 19
Let t(s) = -s**3 + 9*s**2 + 6*s + 3. Let l be t(10). Let z = -5 - l. What are the prime factors of z/(1 - (2 + -2))?
2
Suppose -10574 = -16*v - 2750. What are the prime factors of v?
3, 163
Let x(m) = -7*m**3 - 5*m**2 - 26*m - 102. What are the prime factors of x(-6)?
2, 3, 7, 11
Let x(o) = 2*o**2 - 7*o - 17. Let q be x(-6). Suppose -6*y + y + 2*t + q = 0, -t - 80 = -4*y. What are the prime factors of y?
3, 7
Let q(z) = -z + 12. Let g be q(6). Suppose -g = -3*s + 9. Suppose 8 = 4*n + 5*i, s*n + 5 = 2*i + 15. What are the prime factors of n?
2
Suppose 2*a + a + 21 = c, 0 = -5*c + 15. What are the prime factors of (5/(-10))/(3/a) + 16?
17
Let m be (4/8)/((-1)/(-12)). Suppose j + 20 = m*j. What are the prime factors of j?
2
Let g be 156/(-7) - 52/(-182). Let c = 56 + g. List the prime factors of c.
2, 17
Suppose 2*x - 2*f - 1298 = 0, -2*f + 662 = 2*x - 640. Suppose -5*c + k = -2*k - 811, -3*k - x = -4*c. What are the prime factors of c?
7, 23
Let q(i) = -5*i**3 + 2*i**2 + 3*i + 2. Let g be q(-1). Let f(v) = v**2 - v + 45. List the prime factors of f(g).
3, 5
Let u be (1 + 0)*(-9 - 118). Let s = u - -220. Suppose -3*z + 48 = -s. List the prime factors of z.
47
Suppose 0 = -3*c - 5*f - 0*f + 2, -2*f = -2. Let z = 9 - c. Let x = z + 20. What are the prime factors of x?
2, 3, 5
Let p(a) = -3*a + 9. Suppose 0 = -0*t + 2*t - 4*v - 18, 5*t - 81 = -2*v. Let l be 2/5 + (-81)/t. List the prime factors of p(l).
2, 3
Let f(q) = 2*q**2 - 10*q - 362. What are the prime factors of f(26)?
2, 5, 73
Let f = 303 - -219. What are the prime factors of f?
2, 3, 29
Let g = 12 - -1382. List the prime factors of g.
2, 17, 41
Suppose 5*z + 164 = 9*z. List the prime factors of z.
41
Let t(u) = -u**3 - 24*u**2 - 43*u + 26. Let c be t(-22). Suppose 0 = c*r - 2*r - 134. What are the prime factors of r?
67
Suppose -6*o + o = 5*x - 1935, -5*x = -2*o - 1970. What are the prime factors of x?
2, 7
Let n = 438 - 264. Suppose -t - 6*l = -l - 33, 0 = -4*t + l + n. List the prime factors of t.
43
Let q be 1*(-6)/21 + (-192)/14. Let l = q + 92. What are the prime factors of l?
2, 3, 13
Suppose -3*s - 2*t = -11, 3*s = 6*s + 3*t - 15. List the prime factors of (-183)/(-9)*(1 + s - -1).
61
Suppose -2*g + 384 = g - 4*c, 4*g = 2*c + 522. Suppose g + 111 = 3*x. What are the prime factors of x?
3
Let o = -35 + 39. Suppose -o*u - 5*j + 64 = 0, u + 2*j = 4*u - 71. List the prime factors of u.
3, 7
Let g = -3 + 44. Let z = g - -20. List the prime factors of z.
61
Suppose -24*h + 9*h = -3405. List the prime factors of h.
227
Let n = -9 + 13. Let q(i) = i**3 + 3*i**2 + 3*i + 13. Let b be q(-3). List the prime factors of (-3 - (-30)/n)*b.
2, 3
Let y(a) = 2*a**3 - 37*a**2 + 23*a + 23. List the prime factors of y(19).
821
What are the prime factors of 1249 - (4/(-10)*-5)/2?
2, 3, 13
Let z = -18 + -5. Let a = -20 - z. Suppose o = a + 29. List the prime factors of o.
2
Suppose 0 = -4*s + 4 + 8. Suppose 0 = 2*y - 7*w + 5*w + 14, 4*y = 3*w - 24. What are the prime factors of 42 - s*3/y?
3, 5
Suppose -l + 175 = -28. What are the prime factors of 15/(-4) + (-4)/16 + l?
199
Let g be (-510)/(-20) + 2/(-4). List the prime factors of (-5)/g + 66/5.
13
Suppose 1100 = 3*b + 2*b. Suppose -b = -6*x - 58. List the prime factors of x.
3
Let w(i) = 2*i**2 + 33*i - 4. Let f be w(-18). Suppose -3*n = -4*q - 74, 0*q = n + 5*q - f. List the prime factors of n.
2, 3, 5
Let u = -4 - -1. Let n be 1 - (10 + 3 + u). Let b = -6 - n. List the prime factors of b.
3
Let x(n) = -2*n**3 - n**2 - 2*n - 3. Let j = -10 - -8. List the prime factors of x(j).
13
Let d = -16 + 18. Let l be d/(2 + (-320)/158). What are the prime factors of l/(-4) + 3/12?
2, 5
Suppose -3*m = -5*n + 1, -5*m - 4*n + 20 = -m. Let c(o) = 13*o - 2. What are the prime factors of c(m)?
37
Let c(n) be the first derivative of -n**3 + 14*n**2